vert 110110010002 (base 3) to base 6.
5130215
-79c797 (base 16) to base 13
-1865874
Convert -210122010200111 (base 3) to base 16.
-af7056
Convert -36740541 (base 8) to base 16.
-7bc161
-1161432 (base 7) to base 16
-247b0
1010101101110010001 (base 2) to base 9
584574
What is -112121142 (base 5) in base 3?
-221122002221
196644 (base 11) to base 14
7bc96
b9675 (base 12) to base 6
5124225
What is -2414707 (base 9) in base 13?
-36ab43
What is 14200465 (base 8) in base 5?
1310232243
What is -14044020 (base 7) in base 15?
-1aba89
-1115320 (base 7) to base 3
-21001022021
What is -120011112100 (base 3) in base 7?
-2352255
-1100010001011001010000 (base 2) to base 5
-1310420401
Convert 143419 (base 12) to base 2.
1010010011010010101
What is -2685388 (base 9) in base 2?
-101100111110001100000
536027 (base 8) to base 13
63765
-dc96a (base 15) to base 14
-143538
What is 14839 (base 11) in base 4?
11013233
What is -1322430243 (base 6) in base 7?
-251224122
Convert 1716015 (base 9) to base 2.
11101001010101010101
Convert 23431013 (base 7) to base 15.
2aeb62
What is 255313 (base 6) in base 13?
a75b
What is -126264 (base 8) in base 12?
-21704
What is b737d (base 14) in base 7?
3522016
2100203123 (base 4) to base 5
122421331
Convert 144323 (base 5) to base 13.
2a9c
-240134141 (base 5) to base 14
-208892
What is -36550 (base 11) in base 5?
-3140234
-3087106 (base 13) to base 7
-236104324
Convert 85235 (base 16) to base 10.
545333
-45d6 (base 16) to base 3
-220112011
Convert 32211032031 (base 4) to base 11.
218097a
Convert 6818 (base 11) to base 15.
29d3
-11011010010111011 (base 2) to base 7
-643646
-3116120 (base 7) to base 2
-1011011011000000100
Convert 135939 (base 10) to base 13.
49b4b
Convert 13658 (base 9) to base 16.
2447
13676 (base 13) to base 9
54662
-1000121102001 (base 3) to base 2
-10000100101010101011
What is -1435053 (base 6) in base 11?
-571a8
-205312441 (base 7) to base 9
-24811237
What is -12694 (base 10) in base 7?
-52003
Convert 573760 (base 16) to base 6.
322302024
Convert 8925 (base 11) to base 15.
3744
Convert 221223321002 (base 4) to base 10.
10927682
What is 1241332 (base 8) in base 5?
42013134
What is 31796b4 (base 13) in base 8?
71376505
Convert 10122221220 (base 3) to base 13.
26ab4
What is -11030320 (base 7) in base 11?
-598734
54233a (base 11) to base 10
866887
What is a0bb (base 15) in base 9?
51475
What is 1427d9 (base 14) in base 10?
698539
Convert -210012211220 (base 3) to base 15.
-83b06
-28307773 (base 9) to base 12
-4832079
-30957 (base 13) to base 4
-111103230
What is -11531125 (base 6) in base 5?
-43312004
1000110110011001111000 (base 2) to base 11
1345054
What is -54500331 (base 6) in base 15?
-221891
-6d0a9 (base 14) to base 15
-53d97
Convert -10011101000110111 (base 2) to base 15.
-18c79
What is -2300112220 (base 4) in base 12?
-2aa034
What is -202311230 (base 4) in base 7?
-1133015
Convert 5336600 (base 7) to base 10.
648221
-2669911 (base 11) to base 2
-10001100101100100110010
Convert 98c26 (base 14) to base 12.
15a202
Convert -110011011111011010 (base 2) to base 14.
-56c0a
-20110110021200 (base 3) to base 6
-201333113
Convert -474d1 (base 15) to base 13.
-7c567
Convert -1232340234 (base 6) to base 5.
-12141224104
-981b64 (base 12) to base 2
-1001001100000100111100
Convert 22122221 (base 3) to base 2.
1100010101100
-e7c156 (base 15) to base 13
-2390b20
Convert -5260054 (base 7) to base 4.
-2123112100
Convert 2036994 (base 10) to base 11.
1171473
Convert -332405 (base 10) to base 4.
-1101021311
Convert 105332 (base 13) to base 15.
7866b
Convert -132183 (base 11) to base 12.
-a0348
-27f1 (base 16) to base 10
-10225
Convert -118658 (base 13) to base 15.
-84012
11000101001010101 (base 2) to base 3
12010110212
What is 33103011 (base 4) in base 13?
226a1
Convert -2011211120220 (base 3) to base 15.
-17d206
-3887037 (base 9) to base 8
-10065064
-47417 (base 13) to base 8
-376417
101110010010110011001 (base 2) to base 9
2761773
535114 (base 6) to base 11
2aa84
Convert 9896a (base 13) to base 11.
1795a2
Convert 152432150 (base 6) to base 2.
1100001111001110100010
55de62 (base 15) to base 11
2349252
Convert c18e78 (base 16) to base 14.
1982ada
Convert -1100001011000010101011 (base 2) to base 15.
-430705
5843 (base 11) to base 4
1313312
260bb9 (base 14) to base 16
13f72f
What is 2300044040 (base 5) in base 10?
5081145
What is -13144134 (base 6) in base 12?
-18b04a
76ec50 (base 16) to base 9
15588005
What is -243236046 (base 7) in base 5?
-12344012010
-20112141 (base 5) to base 10
-160296
What is 746aa (base 16) in base 5?
110224332
Convert -22170031 (base 8) to base 10.
-4780057
1022212100022 (base 3) to base 4
2230112003
12d96 (base 16) to base 9
126814
What is -100000011101101101100011 (base 2) in base 4?
-200131231203
Convert -94903 (base 10) to base 12.
-46b07
What is 1101010001001001 (base 2) in base 6?
1055333
Convert -98b04 (base 13) to base 4.
-1003200020
-5445b9 (base 13) to base 11
-1132a7a
What is 115879 (base 10) in base 16?
1c4a7
What is 315818 (base 9) in base 11?
119296
What is 122001210313 (base 4) in base 3?
110211121022001
What is 23d29 (base 14) in base 3?
11110020021
What is -213000130 (base 4) in base 10?
-159772
Convert -539571 (base 14) to base 13.
-781254
88b78 (base 14) to base 4
1100330112
What is -130202003 (base 5) in base 2?
-10011010001011001111
1332524105 (base 6) to base 4
331120232021
Convert -1101001001110110010 (base 2) to base 7.
-3443431
407747 (base 10) to base 2
1100011100011000011
What is -1fbc2 (base 16) in base 11?
-8972a
What is 1154564 (base 7) in base 9?
245162
c098 (base 14) to base 2
1000000100100110
Convert 112021002100 (base 3) to base 5.
32440403
What is -1ebba (base 16) in base 9?
-211608
What is 10003320 (base 4) in base 7?
66330
-10222212001100 (base 3) to base 7
-24021111
Convert -27072 (base 11) to base 16.
-9716
What is 1111011100101011110 (base 2) in base 5?
112144311
What is 41001 (base 15) in base 9?
343361
Convert -176277 (base 8) to base 4.
-33302333
What is -113213121 (base 4) in base 7?
-552003
What is 12418a5 (base 11) in base 13?
5a5948
Convert -40405 (base 11) to base 14.
-17741
Convert 6b88c0 (base 13) to base 14.
4a9457
-20330 (base 11) to base 12
-15212
What is -8222850 (base 9) in base 3?
-22020202221200
-3033011 (base 5) to base 15
-e856
What is -6123417 (base 11) in base 15?
-e3c27e
-104200200 (base 6) to base 12
-769060
Convert -2024 (base 10) to base 6.
-13212
Convert 7c3b3 (base 14) to base 3.
120101001212
Convert -127ca2 (base 15) to base 9.
-1601778
What is -3725a41 (base 12) in base 11?
-608373a
-1963128 (base 10) to base 5
-1000310003
-1110001110101111011000 (base 2) to base 7
-43464531
Convert -16831050 (base 9) to base 10.
-8464464
Convert -42055544 (base 6) to base 10.
-1220824
177116 (base 8) to base 13
2382b
Convert -630014 (base 7) to base 14.
-2b544
Convert a3a345 (base 13) to base 7.
44323241
What is 405340 (base 9) in base 7?
2020026
Convert 48420 (base 13) to base 8.
402652
What is -213302023103 (base 4) in base 10?
-10429139
-2a4cd (base 14) to base 13
-38b92
34314110 (base 5) to base 7
2420140
What is -94184 (base 13) in base 11?
-171a32
What is 22112110022111 (base 3) in base 7?
53361454
Convert -1145a9 (base 12) to base 7.
-2233353
What is 13146661 (base 7) in base 8?
4462060
Convert 187815 (base 15) to base 2.
100100010011110111100
-21220002 (base 4) to base 3
-2000002020
What is aa4129 (base 14) in base 10?
5773609
22220200211 (base 3) to base 15
36ecd
Convert -305714 (base 8) to base 2.
-11000101111001100
Convert ad95b0 (base 14) to base 15.
7b92a3
What is 10000100000100001001000 (base 2) in base 5?
2101434441
What is -872a9 (base 11) in base 9?
-212845
-488b4a (base 16) to base 7
-55260534
Convert 301d48 (base 14) to base 16.
18b38c
What is -b2a87c (base 15) in base 16?
-818c3a
What is -53221 (base 10) in base 14?
-15577
What is -80698 (base 13) in base 11?
-147582
Convert -1222012120012 (base 3) to base 8.
-3775326
-10520282 (base 9) to base 2
-10011011011000011110100
2344321 (base 5) to base 10
43711
Convert -adaee1 (base 16) to base 5.
-10403214442
What is -111110011010111001101 (base 2) in base 7?
-23246143
What is -226485 (base 9) in base 15?
-2a465
Convert 169015 (base 12) to base 9.
652318
-28b202 (base 12) to base 2
-1010011